mmon divisor of g and 1956.
6
Suppose 0*t - 2 = -2*x + 2*t, 2*x = 3*t. Suppose q + x*q = 444. Suppose -l = -4*d + 149, 5*l - 145 = -5*d + 35. Calculate the greatest common factor of q and d.
37
Let h(y) = -2*y**2 + 122*y + 136. Let n be h(62). Calculate the highest common factor of n and 1644.
12
Suppose -3*w - 4*w + 812 = 0. Suppose i - 30 = -4*l, -4*i - 3*l = i - w. Calculate the highest common divisor of i and 2.
2
Suppose 4*u - 12 = 0, 0 = p + 4*u + 42 - 166. Let o(j) = -j**3 + 11. Let a be o(-6). Let m = 255 - a. What is the highest common divisor of m and p?
28
Let v be ((-66)/8)/(38/16 - 2). Let z(o) = -17*o + 77. Let n be z(v). Calculate the greatest common factor of n and 41.
41
Let o be (-1)/((-2)/252) - (48 - 47). Let a be ((-11)/((-385)/14))/(1/o). Calculate the highest common divisor of 50 and a.
50
Let o be (-580)/6*(-135 - -132). What is the greatest common factor of o and 2552?
58
Let o(z) = -2*z**2 - 171*z + 833. Let k be o(-89). Calculate the highest common divisor of k and 2814.
42
Let k(b) = -7*b + 120. Let c be k(16). What is the highest common factor of 114 and c?
2
Let x(u) = -2*u**3 - 16*u**2 - 2*u - 10. Let n be x(-8). Suppose n*a + 1 = 2449. What is the highest common factor of a and 17?
17
Suppose -4*n + 20 = 3*a, -10 = -4*a - 0*n - 2*n. Suppose a = -5*i - 3*d + 666, -2*i = -7*i - 5*d + 670. What is the highest common factor of 12 and i?
12
Let l(h) = -61*h - 98. Let m be l(-8). Suppose 4*p = p - u + m, -p + 130 = 3*u. What is the highest common factor of p and 208?
26
Suppose -3*t + 406 = 4*z, 13*z - 402 = 9*z - 5*t. Suppose -z = -14*m - 19. Calculate the greatest common divisor of m and 54.
6
Let p(f) = 52*f**2 - 43*f + 39. Let l be p(3). What is the greatest common divisor of l and 612?
18
Suppose 19*h + 39*h - 232875 = -149*h. Calculate the highest common divisor of h and 775.
25
Let w be 1293/4 + 0 + 9/(-36). Suppose 0 = -2*f - 89 + w. What is the greatest common factor of f and 39?
39
Suppose -16 + 0 = 4*z. Let a be -1 + -6 - z - 14. Let n = a - -32. What is the greatest common factor of 75 and n?
15
Suppose 3*w + 42 = 63. Suppose 5*b + 52 = w*b. Calculate the highest common divisor of b and 442.
26
Let g = 1572 + 5265. What is the greatest common factor of g and 258?
129
Suppose g + 0*g = -12. Let j be 2*3/g*-46. Suppose c - 7*r = 23, -2*c - 208 = -3*r - 254. Calculate the greatest common divisor of j and c.
23
Let a = -111 + 125. Suppose -17*f - 5*m = -a*f - 72, 0 = 4*f - 4*m - 96. Calculate the highest common factor of 48 and f.
24
Suppose -7*j = -3*j - 284. Let w(f) = 75 + 40*f**3 - f - j - 3*f. Let d be w(1). What is the highest common divisor of d and 60?
20
Suppose 4*a + 4*k = -k + 45, 5*a - 2*k - 15 = 0. Let w = 168 + -109. Let u = -19 + w. Calculate the greatest common factor of a and u.
5
Let p(i) = 220*i - 466. Let l be p(19). Calculate the highest common divisor of 6 and l.
6
Let c be 4/(-34) + 53/17. Suppose 3*x - c + 0 = 0, 0 = 4*o - x - 7. Suppose 308 = 4*y + o*a, 3*a + 3 = 15. Calculate the highest common divisor of 15 and y.
15
Let p = -2067 - -2254. Calculate the greatest common factor of 34 and p.
17
Suppose -5*w + 140 = 36*k - 41*k, 4*w - 3*k = 109. What is the greatest common factor of 7700 and w?
25
Let u = 10249 - 9790. Calculate the greatest common divisor of 1323 and u.
27
Let n be (4/3)/(4/6). Suppose -25 = -5*k, 4*y - 18 = 4*k - n. Suppose -10062*i + 10066*i = 36. What is the highest common divisor of i and y?
9
Suppose 2*w = 14*w - 852. Suppose 0 = 3*l - h - 81, 10*l - 8*l - w = -5*h. What is the greatest common divisor of 644 and l?
28
Suppose -5*j + 2*j = -2*j. Suppose -6*r = -j - 48. What is the highest common factor of r and 104?
8
Suppose 335 = 3*b - 226. Suppose 0 = -6*h + 697 + 1031. Let p = -271 + h. Calculate the greatest common divisor of p and b.
17
Let u be (-41 - -42) + (-6)/2 + 0 - -466. Suppose 42 = c - 45. Calculate the greatest common divisor of c and u.
29
Let m = -164 + 167. Suppose -4*g + 3*l + 2*l + 2020 = 0, m*l - 12 = 0. What is the highest common factor of g and 30?
30
Let l(w) = -82*w - 298. Let r be l(-4). Let h be 770/33*(-1 + 3 + 1). What is the highest common factor of r and h?
10
Suppose 33828 = 163*s - 11812. Calculate the highest common divisor of 2660 and s.
140
Let b be 24/48*12 - -309. What is the highest common divisor of b and 2695?
35
Let m(v) = -116*v + 10636. Let d be m(35). What is the greatest common factor of 8 and d?
8
Let g(p) = -p**3 - 45*p**2 - p - 30. Let k be g(-45). Suppose -k*a + 6820 = 16*a. Calculate the highest common divisor of 55 and a.
55
Let b be 2/10*10 - -25. What is the greatest common factor of 783 and b?
27
Let o = 345 + -123. Suppose -4*p + 2*b + o = -0*p, p - 51 = 2*b. Calculate the highest common factor of p and 95.
19
Let k(q) = 258*q - 250. Let y be k(1). What is the highest common factor of 6632 and y?
8
Let l = -3398 + 3407. Calculate the highest common divisor of 14202 and l.
9
Let m = 481 + -499. Let p(g) = -g**2 - 30*g - 106. Let r be p(m). What is the greatest common factor of 170 and r?
10
Let l be (-31)/3*(12 + -19 + -5). Suppose 9*r - 8*r - 3*i - l = 0, 0 = i + 4. Calculate the greatest common factor of 42 and r.
14
Let w(i) = -i**2 - 122*i + 4571. Let n be w(30). Suppose 0 = 4*d + 5*v - 288, 0 = 2*d + 2*v - 171 + 25. What is the greatest common divisor of d and n?
11
Let x be 3*47 - ((-2 - -2) + 1). Let b be ((-35)/28)/((-1)/x). Suppose b = -0*l + 5*l. Calculate the greatest common factor of 35 and l.
35
Suppose -3*o - 2*t + 336 = 0, -5*o = 5*t + 20 - 575. What is the highest common divisor of o and 190?
38
Let c(i) = -15*i - 10. Let z = -126 + 121. Let x be c(z). Let a = x - 44. Calculate the greatest common divisor of a and 3.
3
Let d be (7 - 4 - 2)/1 - -348. Let t = d + -298. Calculate the greatest common factor of t and 1.
1
Suppose -4*u + 2109 = -m, -1044 = -2*u - 3*m + 7. What is the highest common factor of 124 and u?
31
Let b(c) = 12*c**2 - 22*c + 120. Let a be b(8). What is the highest common divisor of 8 and a?
8
Let y be ((20/(-60))/((-1)/42))/((-4)/(-20)). Calculate the greatest common divisor of y and 728.
14
Suppose 0 = r - 6*r + 30. Suppose 168 = -4*i + 4*d, -26*d + 153 = -4*i - 27*d. Let t be (2/r)/((-13)/i)*11. What is the highest common factor of t and 22?
11
Let h be (-25308)/(-132) + 6/22. Calculate the highest common divisor of h and 3008.
64
Let j be (5/45 - -1)*18. Suppose 0 = j*m - 24*m - 5*r + 37, 0 = -2*m - 4*r + 14. Calculate the greatest common divisor of 208 and m.
13
Let i be ((-8)/3 - -2)*-6. Suppose 2*q = -3*c + 207, 0 = -2*c - 6 + i. Let d = q + -63. Calculate the greatest common divisor of 6 and d.
6
Suppose -2048 = -6*m - 10*m. Suppose -57*w + 49*w + m = 0. Calculate the greatest common factor of w and 8.
8
Let g be 1 - ((-4)/(-8))/(3/(-12)). Suppose -3*o - 3*v - 3 = 0, 0 = o + g*v - 3. Let s be 1*o + (6 + -4)*22. What is the highest common factor of 328 and s?
41
Suppose 7*u + 450 = 16*u. What is the highest common factor of u and 1775?
25
Suppose 9*l + 17 = 575. Suppose 5*g = -32 + l. Calculate the highest common divisor of g and 24.
6
Suppose 40*x = 19*x + 21084. What is the greatest common factor of x and 8?
4
Let m(v) = -3*v**3 - 190*v**2 - 65*v - 87. Let f be m(-63). What is the highest common factor of 2314 and f?
13
Let f be 36/27*((-5)/(-2) + 2). Suppose f + 13 = s. Calculate the highest common factor of s and 1.
1
Suppose 3*a - a + 5*j = 119, 2*j = 4*a - 298. What is the highest common factor of 63 and a?
9
Let c be ((-18)/15)/((-428)/(-60) + -7). Let s(l) = 2*l + 5. Let r be s(-7). Let q be (-1 - (-6)/c*r)/1. Calculate the highest common divisor of 20 and q.
5
Suppose 0 = 21*s - 13*s - 17*s + 1521. Suppose 0 = 3*j - 31 - 8. Calculate the highest common factor of j and s.
13
Let f = -321 - -326. Suppose -3*d + 31 = 2*q, 0 = 8*q - 5*q - f*d - 94. Calculate the highest common divisor of 391 and q.
23
Suppose 7*w - 558 = w - 48. Let g(d) = -68*d. Let x be g(-1). What is the highest common factor of x and w?
17
Let r = -2872 + 8402. What is the greatest common divisor of r and 140?
70
Let w(r) = -9*r + 23. Let g = -180 - -174. Let j be w(g). What is the highest common divisor of j and 847?
77
Suppose 0 = -g + 3*y - 14, 52*y = 4*g + 54*y - 14. What is the highest